is the ten thousands digit of 57994?
5
What is the tens digit of 1006?
0
What is the hundreds digit of 4324?
3
What is the units digit of 36513?
3
What is the hundreds digit of 8061?
0
What is the hundreds digit of 16083?
0
What is the units digit of 3200?
0
What is the thousands digit of 65606?
5
What is the tens digit of 44319?
1
What is the hundreds digit of 5039?
0
What is the units digit of 1353?
3
What is the ten thousands digit of 124357?
2
What is the ten thousands digit of 87834?
8
What is the hundreds digit of 869?
8
What is the tens digit of 13108?
0
What is the hundreds digit of 13776?
7
What is the hundreds digit of 33739?
7
What is the tens digit of 2071?
7
What is the hundreds digit of 16804?
8
What is the tens digit of 36824?
2
What is the units digit of 3614?
4
What is the tens digit of 525?
2
What is the units digit of 12025?
5
What is the units digit of 21344?
4
What is the tens digit of 62254?
5
What is the hundreds digit of 7152?
1
What is the thousands digit of 23004?
3
What is the tens digit of 7703?
0
What is the ten thousands digit of 14489?
1
What is the hundreds digit of 319?
3
What is the tens digit of 27066?
6
What is the tens digit of 23001?
0
What is the units digit of 1362?
2
What is the hundreds digit of 1945?
9
What is the tens digit of 16032?
3
What is the hundreds digit of 6559?
5
What is the ten thousands digit of 28011?
2
What is the hundreds digit of 2808?
8
What is the tens digit of 1015?
1
What is the hundreds digit of 717?
7
What is the hundreds digit of 153635?
6
What is the hundreds digit of 2744?
7
What is the tens digit of 557?
5
What is the hundreds digit of 63616?
6
What is the units digit of 2597?
7
What is the hundreds digit of 2509?
5
What is the ten thousands digit of 24817?
2
What is the units digit of 3033?
3
What is the hundreds digit of 93787?
7
What is the ten thousands digit of 10672?
1
What is the hundreds digit of 20612?
6
What is the thousands digit of 23569?
3
What is the units digit of 589?
9
What is the hundreds digit of 6813?
8
What is the ten thousands digit of 174386?
7
What is the hundreds digit of 128?
1
What is the units digit of 53380?
0
What is the thousands digit of 108561?
8
What is the ten thousands digit of 25203?
2
What is the units digit of 1176?
6
What is the units digit of 740?
0
What is the thousands digit of 2448?
2
What is the hundreds digit of 387?
3
What is the ten thousands digit of 73327?
7
What is the thousands digit of 89354?
9
What is the thousands digit of 1861?
1
What is the thousands digit of 24154?
4
What is the thousands digit of 20374?
0
What is the tens digit of 1201?
0
What is the hundreds digit of 15159?
1
What is the hundreds digit of 526?
5
What is the tens digit of 201?
0
What is the tens digit of 96?
9
What is the hundreds digit of 27401?
4
What is the thousands digit of 17047?
7
What is the ten thousands digit of 40324?
4
What is the thousands digit of 3290?
3
What is the hundreds digit of 1770?
7
What is the units digit of 166?
6
What is the hundreds digit of 50720?
7
What is the units digit of 7188?
8
What is the units digit of 6489?
9
What is the units digit of 57599?
9
What is the units digit of 711?
1
What is the units digit of 11063?
3
What is the ten thousands digit of 37451?
3
What is the thousands digit of 152791?
2
What is the units digit of 31735?
5
What is the units digit of 2490?
0
What is the units digit of 32973?
3
What is the thousands digit of 1129?
1
What is the hundreds digit of 33066?
0
What is the tens digit of 529?
2
What is the hundreds digit of 51276?
2
What is the thousands digit of 4578?
4
What is the tens digit of 145?
4
What is the ten thousands digit of 69830?
6
What is the hundreds digit of 677?
6
What is the units digit of 5133?
3
What is the units digit of 4352?
2
What is the units digit of 87096?
6
What is the tens digit of 5650?
5
What is the ten thousands digit of 22587?
2
What is the thousands digit of 5019?
5
What is the thousands digit of 41871?
1
What is the units digit of 202?
2
What is the thousands digit of 2050?
2
What is the hundreds digit of 2798?
7
What is the tens digit of 770?
7
What is the thousands digit of 2425?
2
What is the units digit of 512?
2
What is the units digit of 145664?
4
What is the tens digit of 110?
1
What is the tens digit of 39290?
9
What is the units digit of 55406?
6
What is the tens digit of 4699?
9
What is the hundreds digit of 1296?
2
What is the hundreds digit of 250?
2
What is the units digit of 77123?
3
What is the thousands digit of 3129?
3
What is the tens digit of 15?
1
What is the units digit of 37336?
6
What is the units digit of 3549?
9
What is the tens digit of 7699?
9
What is the hundreds digit of 974?
9
What is the tens digit of 13509?
0
What is the ten thousands digit of 21995?
2
What is the thousands digit of 5455?
5
What is the tens digit of 901?
0
What is the units digit of 32315?
5
What is the tens digit of 2300?
0
What is the tens digit of 2113?
1
What is the units digit of 108?
8
What is the thousands digit of 2007?
2
What is the thousands digit of 38281?
8
What is the units digit of 12286?
6
What is the thousands digit of 1133?
1
What is the tens digit of 15531?
3
What is the thousands digit of 4684?
4
What is the tens digit of 1872?
7
What is the hundred thousands digit of 120874?
1
What is the ten thousands digit of 31857?
3
What is the thousands digit of 16253?
6
What is the hundreds digit of 805?
8
What is the thousands digit of 1286?
1
What is the tens digit of 6645?
4
What is the units digit of 4254?
4
What is the hundreds digit of 6938?
9
What is the ten thousands digit of 27877?
2
What is the thousands digit of 4389?
4
What is the tens digit of 852?
5
What is the hundreds digit of 319?
3
What is the tens digit of 4085?
8
What is the tens digit of 6265?
6
What is the units digit of 10024?
4
What is the hundreds digit of 8135?
1
What is the units digit of 1083?
3
What is the hundreds digit of 25694?
6
What is the hundreds digit of 17224?
2
What is the tens digit of 3166?
6
What is the ten thousands digit of 72596?
7
What is the thousands digit of 27874?
7
What is the tens digit of 252?
5
What is the tens digit of 478?
7
What is the tens digit of 1066?
6
What is the units digit of 20269?
9
What is the hundreds digit of 2878?
8
What is the hundreds digit of 18089?
0
What is the hundreds digit of 126?
1
What is the tens digit of 109885?
8
What is the hundreds digit of 1202?
2
What is the tens digit of 77805?
0
What is the units digit of 729?
9
What is the hundreds digit of 341?
3
What is the ten thousands digit of 15400?
1
What is the thousands digit of 4873?
4
What is the hundreds digit of 2278?
2
What is the ten thousands digit of 10909?
1
What is the ten thousands digit of 37887?
3
What is the hundreds digit of 887?
8
What is the tens digit of 42575?
7
What is the thousands digit of 18752?
8
What is the tens digit of 5271?
7
What is the tens digit of 555?
5
What is the units digit of 895?
5
What is the units digit of 534?
4
What is the ten thousands digit of 38264?
3
What is the thousands digit of 10035?
0
What is the thousands digit of 5768?
5
What is the tens digit of 17227?
2
What is the tens digit of 4549?
4
What is the units digit of 6073?
3
What is the hundreds digit of 1539?
5
What is the tens digit of 686?
8
What is the thousands digit of 5566?
5
What is the tens digit of 415?
1
What is the ten thousands digit of 65094?
6
What is the tens digit of 39?
3
What is the units digit of 16453?
3
What is the tens digit of 1313?
1
What is the units digit of 15362?
2
What is the hundreds digit of 408?
4
What is the hundreds digit of 6101?
1
What is the units digit of 893?
3
What is the tens digit of 5454?
5
What is the thousands digit of 33620?
3
What is the tens digit of 4869?
6
What is the tens digit of 28433?
3
What is the hundreds digit of 4815?
8
What is the hundreds digit of 3766?
7
What is the tens digit of 917?
1
What is the units digit of 913?
3
What is the tens digit of 213?
1
What is the tens digit of 383?
8
What is the thousands digit of 20062?
0
What is the hundreds digit of 119?
1
What is the units digit of 7496?
6
What is the units digit of 76?
6
What is the tens digit of 4443?
4
What is the thousands digit of 1824?
1
What is 